 5*x + 1233 = 0. Suppose 3*u - 462 = 5*l + 264, -5*u = l - m. Is u a prime number?
False
Let j(c) = 353*c**3 + c**2 + 3*c. Let o be j(2). Suppose 29569 = 21*l - o. Is l prime?
True
Let b(g) = -g**2 - g + 289. Let j be b(0). Suppose -18 - 18 = -3*r. Let u = j + r. Is u composite?
True
Suppose 339 = -4*i - 69. Let g = i + 98. Is ((-1049)/4)/(21/g - -5) composite?
False
Is 77917 + (-144)/(-8) + -6 a composite number?
False
Let d = 33 - 31. Suppose -1126 = d*c + 1588. Let u = -918 - c. Is u composite?
False
Suppose -2*h + 15 = h, 2*o - 44227 = 3*h. Is o a composite number?
True
Let d(l) = 896*l - 681. Let w(s) = -1344*s + 1020. Let g(y) = -7*d(y) - 5*w(y). Is g(17) a composite number?
False
Let r be (-2*2354/8)/(9/(-54)). Let l = r - 1762. Is l a prime number?
False
Let s(l) = 293*l**2 + 269*l - 1352. Is s(5) a composite number?
True
Let u(b) = -3*b + 27. Let s be u(11). Is (-5)/10*(-11564 - s) a composite number?
False
Suppose 3*y + 5*h = 1058198 - 179139, -2*y + 5*h = -586106. Is y a composite number?
True
Let s(r) = -r - 13. Let w be s(-9). Let y be (45/(-18))/(3/(-4770)). Is w + y/(4 + 1) prime?
False
Is (-5)/((-90)/4) + 52525905/621 a composite number?
True
Let d be (-44)/33 + (-39)/(-9). Suppose 0 = y - 2 - 1, 7749 = d*x + 4*y. Is x a prime number?
True
Let h(b) = 11 - 5 + b - b**2 + 16*b**2 + 1. Let p = -218 + 222. Is h(p) a prime number?
True
Let c(k) = 87470*k + 12. Let m be c(-1). Is 35/(-70) + m/(-4) + 1 prime?
False
Let a = 58714 + 86647. Is a composite?
False
Suppose 28*t = 23*t + 35. Suppose t*z + 5340 = 2*z. Let w = z - -1957. Is w a prime number?
False
Let l be (-1)/2*(-280)/35 - 6. Is 1764/9 + (-14)/l a prime number?
False
Let j(u) = 33*u**2 - 26*u - 76. Is j(15) a composite number?
False
Suppose 109*y - 3450472 = 101*y. Is y prime?
False
Let p = 41 - 36. Let x(l) = 1034*l + 22. Let n be x(p). Suppose -10*b + 5498 + n = 0. Is b a prime number?
True
Let w(s) = s**2 - 6*s + 2. Let i be w(6). Let v(m) = -1176*m - 1. Let f be v(i). Let b = -470 - f. Is b composite?
True
Let p = 24 + -9. Let s(c) be the third derivative of c**6/60 - 7*c**5/20 - 19*c**4/24 + 19*c**3/6 + 523*c**2. Is s(p) prime?
True
Let m = 45 + -47. Let o be (1 - (2 - 0))/(m/(-3074)). Let r = o + 2222. Is r composite?
True
Let l(g) = 7*g**2 - 8. Let v be l(4). Suppose v*j + 8150 = 114*j. Is j prime?
False
Suppose 2*v = 6, -k - 5*v - 10 = -27. Suppose -p + 2*p - k = 0. Suppose -6*u + 3*u = -p*y + 33, y - 5*u - 20 = 0. Is y a prime number?
False
Let g = -7743 - -15681. Suppose 8*t - 5318 = g. Is t prime?
True
Suppose 4*x = 4, 6799 = 5*l + 5*x - 5001. Suppose -r + 1188 = -2*r. Let i = l + r. Is i a prime number?
True
Let a = 140 + -144. Let g be ((-2376)/7)/(a/(-56)). Let x = g - -6803. Is x prime?
False
Suppose 7*u + 35 = 595. Let y = 271 - u. Suppose -4*o + 125 = -y. Is o a prime number?
True
Is (10539/2342)/(9/249386) prime?
True
Let g = 121892 + -85711. Is g a prime number?
False
Suppose -6 = 2*y, -3*h + 153 = -5*y - 99. Suppose 81*v - h*v - 782 = 0. Is v prime?
False
Let m(i) = i**3 + 91*i**2 + 339*i + 8. Is m(-79) composite?
False
Let v = 3441134 - 1930015. Is v prime?
True
Let s(t) = -51145*t - 28. Is s(-2) prime?
False
Let w = -634 + 635. Let x(i) = 3298*i**3 + 3*i - 2. Is x(w) composite?
False
Let y(u) = -u**3 + 2*u + 9. Let p be y(0). Suppose -p*b + 7*b + 4486 = 0. Is b composite?
False
Suppose 0 = b + 935 - 936. Is 4*b + 1 + -32 + 18734 a composite number?
True
Suppose -70*l + 4*l = 18*l - 61658436. Is l a composite number?
True
Let r = -491 - -491. Suppose -5*v - z + 53714 = r, v - 252 = -z + 10490. Is v a composite number?
True
Let l be (-8)/(-14) + 475813/119. Let y = -362 + l. Is y a prime number?
True
Suppose 43*f - 1670097 - 111712 = 6*f. Is f a prime number?
True
Let p(d) = -d**3 + 107*d**2 + 47*d + 25. Is p(22) composite?
True
Suppose 20*r - 1273713 = 35143627. Is r a composite number?
True
Suppose -2*h = 4*r - 567054, -3*r + 401908 = -5*h - 23350. Is r composite?
False
Suppose i = 3*p + 871, 13*p - 9*p = -5*i + 4298. Suppose i*g - 868*g = -21858. Is g a composite number?
False
Let l(j) = 7999*j + 15. Let c be l(-1). Let a = 15605 + c. Is a a prime number?
True
Let r = 233 + -408. Let c = 36 - r. Is c a composite number?
False
Suppose -1317*w + 3*z + 2285177 = -1313*w, 3*w + 3*z - 1713888 = 0. Is w a composite number?
True
Let x(v) = 170*v**2 - 18*v - 715. Is x(-41) composite?
True
Let l(p) = -10779*p + 230. Is l(-3) composite?
True
Let j(l) = -11626*l**3 + 2*l**2 + 71*l + 133. Is j(-2) prime?
False
Let q(m) = 9*m**3 - 28*m**2 + 10*m - 7. Suppose 30 = 4*y - 18. Let f be q(y). Suppose -36626 + f = -9*z. Is z prime?
True
Suppose -2*h + w = 3*h - 92, 3*h = -2*w + 50. Is 3/h - (-513261)/54 prime?
False
Let c(i) = i**2 - 43*i - 12. Let o be c(-18). Suppose o = 3*h - 915. Is h a composite number?
True
Suppose 75*l - 16953481 - 9351330 = 74668364. Is l prime?
True
Let a = 48397 + -33572. Let k = -10494 + a. Is k a prime number?
False
Let i(b) = 71197*b + 1719. Is i(7) a composite number?
True
Let t(d) = -534*d - 5. Let f(p) = 4*p + 4. Let w(y) = f(y) - t(y). Let j be (-1 - 1)*(-2)/1. Is w(j) a prime number?
True
Is (3674258/21)/(1/3) + (3 - 0) prime?
False
Let m = 43 - 38. Let w(n) = -227*n. Let v be w(m). Let a = v - -1814. Is a prime?
False
Is 14/(-28)*-14 + 31870 prime?
False
Suppose 35*x = 99*x - 5893412 - 8535836. Is x composite?
False
Let x(t) = 21426*t + 1039. Is x(4) prime?
True
Let y(l) = -128*l**2 + 8*l - 23. Let v(h) = 129*h**2 - 7*h + 26. Let q(d) = -2*v(d) - 3*y(d). Is q(9) a composite number?
False
Let t(y) = -7*y - y**2 + 7 + 3*y**2 - y**2. Let k(q) = 4*q**2 - 20*q + 20. Let l(b) = 4*k(b) - 14*t(b). Is l(-17) prime?
False
Suppose 2*c - 2031 = 4995. Let o = c - 2412. Is o composite?
True
Suppose -f = -2, 0 = g - 2*g - 5*f + 72. Let v be (279/(-54) + 6)/(1/6). Suppose -v*h + g = -3*h. Is h prime?
True
Let b(a) = 6*a**2 + 2*a + 28. Suppose 3*y + 3*u + 2 = -4, 0 = 5*u - 20. Let v be b(y). Suppose m - v = 5*x, -m - x + 229 = -5*x. Is m composite?
True
Let k(s) = 11468*s**3 + s**2 - s - 1. Suppose 5*j - 1 = -3*w + 3*j, 4*w + 1 = -5*j. Is k(w) prime?
True
Suppose -18*y + 27059 + 15475 = 0. Let h = -1500 + y. Is h a prime number?
True
Suppose -5*c + 59*g = 54*g - 891835, 0 = -2*c + 4*g + 356746. Is c a composite number?
False
Suppose -5*c + 3*n + 141935 = 0, 24*c - 23*c - 28387 = 3*n. Is c composite?
False
Let a(t) = -t**2 + 12*t - 14. Let p be a(7). Let z(w) = -w + 26. Let u be z(p). Suppose -311 = -u*x + 154. Is x prime?
False
Let l = -238422 - -355361. Is l a prime number?
False
Suppose -7*o + 74 = -150. Let c = 42 - 29. Let l = o - c. Is l a prime number?
True
Suppose -8950 = 432*i - 437*i. Let v = -2 + 2. Suppose v = 3*j - 8327 + i. Is j composite?
False
Suppose 3*k = -2*k + 15, 5*k = a + 10. Let o be (24/10)/((-36)/(-2610)). Suppose a*u - 5*v - 1470 = 0, 2*u - o = -v + 411. Is u a prime number?
True
Suppose -102470 - 44792 = -29*k. Let l = k - 2875. Is l a composite number?
False
Suppose -2*m + 123446 = 3*l - 727723, -2*l + 567454 = 4*m. Is l a prime number?
True
Let b be (15802/(-5)*-1)/(4/(-20)). Is (b/6)/((8/12)/(-2)) prime?
True
Let v be (((-216)/(-32))/(-9))/((-12)/64). Suppose 55000 = v*r + f, 2*r + 19*f = 17*f + 27494. Is r a prime number?
True
Is 7762/((4/22)/((-26)/(-286))) composite?
False
Suppose 4*o = 37158 + 7478. Is o composite?
False
Suppose -2*o - 3*v + 0 = 3, 9 = -3*v. Suppose -n + 2*b - o*b = -1103, -3*n = 4*b - 3305. Suppose 2*l = 5*z - 2*l - n, 0 = -4*z - 3*l + 898. Is z composite?
False
Suppose 1992 = h + 5*h. Let g = h - -239. Is g a composite number?
False
Suppose 855558 = 3*g + 3*f, -3*g + 5*f + 0*f + 855598 = 0. Is g prime?
True
Let p be -6 + (-5 - -5) + 7. Is -3 + 1 - (-1122 + 3/p) composite?
False
Suppose i + 12 = 7*i. Let w(a) = 72*a**2 - 10*a - 1. Is w(i) a composite number?
True
Let z(m) = -82 - 89*m - 69*m - 18*m + 11. Is z(-17) a composite number?
True
Suppose z = 3*c - 50 + 10, 0 = 3*c - 2*z - 41. Let f(o) = -139*o + 18 - 149*o - 138*o + 450*o - o**2. Is f(c) a composite number?
True
Is 6 + -6 + 4*1 - 325368/(-24) a prime number?
False
Suppose 9*w + 53878 + 60341 = 0. Let n = 536 - w. Is n a prime number?
False
Suppose 0 = -7*p - 5349 + 35883. Is (-80)/(-60)*(-1)/((-4)/p) composite?
True
Suppose 14*f + 28*f - 